7
What are the prime factors of 31700620?
2, 5, 7, 226433
What are the prime factors of 29206720?
2, 5, 107, 853
List the prime factors of 595042394.
2, 971, 306407
What are the prime factors of 48283774?
2, 7, 11, 17, 18443
What are the prime factors of 61359088?
2, 7, 547849
List the prime factors of 989776799.
11, 1021, 88129
List the prime factors of 14070551.
11, 1279141
What are the prime factors of 65693219?
17, 3864307
List the prime factors of 2990928400.
2, 5, 7477321
What are the prime factors of 4406469750?
2, 3, 5, 1958431
What are the prime factors of 4827837523?
239, 20200157
List the prime factors of 82778708.
2, 61, 339257
What are the prime factors of 72934506?
2, 3, 31, 47, 103
What are the prime factors of 1337179426?
2, 11, 60780883
What are the prime factors of 269811398?
2, 463, 291373
What are the prime factors of 1377402969?
3, 9479, 48437
List the prime factors of 37939261.
37939261
List the prime factors of 95791294.
2, 17, 139, 20269
What are the prime factors of 2370057115?
5, 83, 829
List the prime factors of 825133287.
3, 11, 25004039
List the prime factors of 1701037920.
2, 3, 5, 29, 122201
List the prime factors of 299252324.
2, 7, 601, 17783
What are the prime factors of 194155789?
673, 288493
What are the prime factors of 102288894?
2, 3, 19, 897271
List the prime factors of 465849028.
2, 17, 31, 383, 577
List the prime factors of 2119317212.
2, 529829303
What are the prime factors of 237776488?
2, 19, 97, 16127
What are the prime factors of 24616273?
11, 29, 77167
What are the prime factors of 2192510078?
2, 11, 9059959
List the prime factors of 288345552.
2, 3, 11, 546109
What are the prime factors of 1250446450?
2, 5, 11, 37, 43, 1429
List the prime factors of 7846095096.
2, 3, 7, 157, 229, 433
List the prime factors of 55906256.
2, 7, 61, 167
What are the prime factors of 168160876?
2, 13, 3233863
What are the prime factors of 26382643?
7, 31, 121579
What are the prime factors of 465071312?
2, 17, 257, 6653
What are the prime factors of 110747792?
2, 17, 47, 8663
What are the prime factors of 320338832?
2, 11, 83, 21929
List the prime factors of 284259009.
3, 1319, 71837
List the prime factors of 151288970.
2, 5, 7, 283, 1091
What are the prime factors of 75227605?
5, 829, 18149
What are the prime factors of 139097619?
3, 15455291
What are the prime factors of 31661522?
2, 137, 115553
What are the prime factors of 34210577?
31, 173, 6379
List the prime factors of 363523871.
317, 1146763
What are the prime factors of 378993323?
19, 1049843
List the prime factors of 36100433.
36100433
List the prime factors of 17936987.
23, 779869
List the prime factors of 65512216.
2, 7, 11, 15193
What are the prime factors of 490300861?
490300861
List the prime factors of 15122475.
3, 5, 67211
List the prime factors of 17282306.
2, 131, 65963
List the prime factors of 4351261758.
2, 3, 17, 227, 187927
What are the prime factors of 522338143?
151, 859, 4027
List the prime factors of 863754194.
2, 431877097
What are the prime factors of 62404360?
2, 5, 19, 157, 523
What are the prime factors of 3975998258?
2, 1987999129
What are the prime factors of 77000085?
3, 5, 67, 8513
What are the prime factors of 81213568?
2, 89, 7129
List the prime factors of 103707862.
2, 51853931
List the prime factors of 10763892.
2, 3, 37, 8081
List the prime factors of 125013998.
2, 62506999
What are the prime factors of 166466667?
3, 79, 702391
List the prime factors of 650047816.
2, 11, 671537
List the prime factors of 38552873.
991, 38903
List the prime factors of 669556201.
669556201
What are the prime factors of 683891259?
3, 137, 139, 11971
List the prime factors of 1348756142.
2, 83, 8125037
What are the prime factors of 27283924?
2, 19, 358999
What are the prime factors of 255255474?
2, 3, 113, 376483
What are the prime factors of 299337676?
2, 11, 6803129
What are the prime factors of 484480428?
2, 3, 71, 8009
What are the prime factors of 1014390704?
2, 4261, 14879
What are the prime factors of 7210420?
2, 5, 7, 51503
List the prime factors of 249188411.
229, 1088159
What are the prime factors of 1414114877?
7, 37, 5459903
What are the prime factors of 1989674037?
3, 13, 629843
List the prime factors of 93414173.
1103, 84691
What are the prime factors of 21181686?
2, 3, 37, 95413
List the prime factors of 400715776.
2, 19, 271
List the prime factors of 288551451.
3, 53, 167, 10867
What are the prime factors of 14184964?
2, 3546241
What are the prime factors of 714992077?
714992077
What are the prime factors of 110517349?
53, 2085233
List the prime factors of 69674181.
3, 23224727
List the prime factors of 201327565.
5, 179, 224947
List the prime factors of 142270174.
2, 1777, 40031
List the prime factors of 23222428.
2, 5805607
What are the prime factors of 1801368752?
2, 389, 289423
What are the prime factors of 584866644?
2, 3, 48738887
What are the prime factors of 1102753092?
2, 3, 7, 13128013
What are the prime factors of 7734344717?
11, 703122247
What are the prime factors of 44334710?
2, 5, 7, 173, 523
List the prime factors of 188372529.
3, 17, 1231193
List the prime factors of 151193924.
2, 7, 47, 114889
List the prime factors of 717910246.
2, 41, 541, 16183
What are the prime factors of 446574400?
2, 5, 279109
List the prime factors of 1564024198.
2, 11, 643, 110563
List the prime factors of 1431891758.
2, 11, 65085989
What are the prime factors of 60639013?
19, 3191527
What are the prime factors of 30871866?
2, 3, 5145311
List the prime factors of 24869424.
2, 3, 518113
What are the prime factors of 3223919256?
2, 3, 1933, 69493
List the prime factors of 3551157084.
2, 3, 3547, 83431
List the prime factors of 137478504.
2, 3, 5728271
What are the prime factors of 71949637?
19, 283, 13381
List the prime factors of 82162378.
2, 41081189
List the prime factors of 273736827.
3, 7, 13, 12379
What are the prime factors of 35813562?
2, 3, 5968927
List the prime factors of 366566296.
2, 131, 257, 1361
What are the prime factors of 626174470?
2, 5, 62617447
What are the prime factors of 100232883?
3, 412481
List the prime factors of 64457714.
2, 397, 81181
What are the prime factors of 495225021?
3, 1489, 110863
What are the prime factors of 3380702506?
2, 37, 45685169
List the prime factors of 45444090.
2, 3, 5, 23, 67, 983
What are the prime factors of 426807579?
3, 11, 12933563
List the prime factors of 170519995.
5, 31, 47, 89, 263
What are the prime factors of 503139470?
2, 5, 157, 320471
What are the prime factors of 1901030261?
13, 157, 931421
List the prime factors of 536636012.
2, 11, 37, 329629
List the prime factors of 47639382.
2, 3, 7, 1134271
List the prime factors of 51430721.
1447, 35543
List the prime factors of 160272330.
2, 3, 5, 223, 23957
What are the prime factors of 1576809447?
3, 41, 1669, 7681
List the prime factors of 532238303.
37, 14384819
List the prime factors of 660142811.
3547, 186113
What are the prime factors of 41565082?
2, 13, 97, 16481
List the prime factors of 359361039.
3, 23, 5208131
List the prime factors of 1541072565.
3, 5, 23, 1488959
List the prime factors of 8843961.
3, 7, 17, 3539
What are the prime factors of 1123044624?
2, 3, 13, 113, 5309
What are the prime factors of 4094272776?
2, 3, 11, 15508609
List the prime factors of 6609821197.
7, 944260171
List the prime factors of 19410792.
2, 3, 37, 21859
List the prime factors of 2220728926.
2, 13, 167, 511453
List the prime factors of 686522783.
686522783
List the prime factors of 1969503907.
7, 17, 2657, 6229
What are the prime factors of 58690746?
2, 3, 3260597
List the prime factors of 3243670677.
3, 13, 29, 35407
List the prime factors of 51020828.
2, 12755207
What are the prime factors of 895411778?
2, 447705889
List the prime factors of 25648630.
2, 5, 7, 366409
What are the prime factors of 1053787831?
1053787831
What are the prime factors of 56072076?
2, 3, 557, 8389
List the prime factors of 6242800079.
941, 6634219
What are the prime factors of 61026897?
3, 211, 229, 421
List the prime factors of 27558490.
2, 5, 83, 33203
What are the prime factors of 299367352?
2, 401, 93319
List the prime factors of 256878706.
2, 7, 18348479
List the prime factors of 37205739.
3, 4133971
List the prime factors of 102987185.
5, 7, 139, 21